nder when 222 is divided by n(-14).
6
Let d = 86 + -58. Let h be (-23)/(-4) - 19/(-76). Suppose h = -22*o + 23*o. What is the remainder when d is divided by o?
4
Let f(s) = s - 2. Let a(r) = 8*r - 16. Let k(c) = -a(c) + 4*f(c). Calculate the remainder when k(-5) is divided by 10.
8
Suppose 0 = 86*c - 2306 - 3198. Calculate the remainder when 199 is divided by c.
7
Let w = 208 - 299. What is the remainder when (-2)/13 + (-20944)/w is divided by 29?
27
Suppose 0 = -10*m + 4417 + 1833. Calculate the remainder when m is divided by 11.
9
Let z(m) = 139 + 2*m**2 + 57*m - 62*m**3 - 25 + 55*m**2 + 63*m**3. Suppose -2*c = c - 45. Calculate the remainder when z(-56) is divided by c.
13
Suppose 28*h - 4800 = 3*h. Let v = -163 + h. What is the remainder when v is divided by 11?
7
Suppose 0 = 4*q + 5*p - 1793, -2*q - 4*p + 603 + 295 = 0. Calculate the remainder when q is divided by 90.
87
Let s(x) = 9*x - 18. Suppose -5*h = -0*h + 4*g + 5, 4*g = -h - 17. Let o(u) = u**3 + 12*u**2 + 8*u + 1. Calculate the remainder when o(-11) is divided by s(h).
7
Suppose 0 = -2*n - 2*o + 22, -2*o = -n + 35 - 39. Calculate the remainder when 442 is divided by n.
4
Let y(f) = f**2 + f. Suppose 10*r = -35 - 135. Let b = r + 23. Calculate the remainder when 167 is divided by y(b).
41
Let j = -148 - -72. Let k = -58 - j. Calculate the remainder when k is divided by 490/42 - 2/3.
7
Let z(f) = -2*f**2 + 77*f + 3534. What is the remainder when z(0) is divided by 68?
66
Suppose 0*b - 2*b + 2*t - 2 = 0, -11 = 3*b - 5*t. Suppose -3*o - 5*a + 272 = 0, -b*o - 280 = -6*o - a. Calculate the remainder when o is divided by 21.
10
Let w = 2072 - 915. Calculate the remainder when w is divided by 25.
7
Let q = -24920 - -25046. What is the remainder when 1358 is divided by q?
98
Let b = -4346 + 5840. What is the remainder when b is divided by 5?
4
Suppose 4*u + 77 = 1233. Let h = u - 250. Calculate the remainder when 622 is divided by h.
37
Suppose 0*z - z = 12. Let w = -20 - z. Calculate the remainder when 18 is divided by (-58)/w + 2/(-8).
4
Suppose 15*a = -309*a + 16200. What is the remainder when 163 is divided by a?
13
Suppose 3 = -j + 25. What is the remainder when 20/(-8)*(-54 - -40) is divided by j?
13
Suppose -7*a + 10*a - 598 = -s, -a = s - 196. What is the remainder when a is divided by 26?
19
Suppose -139*k + 149*k = -250. Let y(a) = a**3 + 24*a**2 - 28*a - 40. What is the remainder when 347 is divided by y(k)?
32
Suppose k + 2*k - 168 = 0. Let g = -196 + 196. Suppose g = 5*h - h - k. Calculate the remainder when 41 is divided by h.
13
Let j = 2219 + -2106. Suppose 0 = -10*o + 14*o. Suppose o*g + g = i - 29, 3*g = -2*i + 58. What is the remainder when j is divided by i?
26
Let t(l) be the second derivative of 7*l**3/6 + l**2 + 2*l + 4. Calculate the remainder when 135 is divided by t(4).
15
Suppose 3*r + 5*q = -23, -5*r - 2*q - 7 = 6. Let c = 19 - r. Let n = -41 + 218. What is the remainder when n is divided by c?
17
Let b(l) = 2*l - 21. Let o be b(18). What is the remainder when 43 is divided by 2 + o + (-8 - -7) + -1?
13
Suppose -z - 71 = -4*m + 4, 0 = 4*m - 4*z - 72. Let b = -56 + 19. Let x = b - -112. Calculate the remainder when x is divided by m.
18
Let i(j) = -2*j - 21. Let v be i(-10). Let p be 25/10*(-138)/v. Suppose 5*s - k - 545 = 0, 2*k + p = 3*s + 5*k. Calculate the remainder when s is divided by 28.
26
Let n be -5 - 1 - 91/13. Let u(d) = d**2 - 45*d + 2. Calculate the remainder when u(n) is divided by 40.
36
Let d = 547 - 541. What is the remainder when d/39 - (-8176)/91 is divided by 25?
15
Let f = 13 - 19. Let z(y) be the first derivative of y**4/4 + 4*y**3/3 - 13*y**2/2 - 2*y + 5516. Calculate the remainder when 5 is divided by z(f).
1
Let h(d) = d**3 - 16*d**2 + 19*d + 16. Let u be h(15). Suppose 0 = u*n - 75*n. Calculate the remainder when (-9 + 10)*(n - -19) is divided by 10.
9
Suppose 4*c + 9*x - 4869 = 10*x, -3*c - 3*x = -3648. Calculate the remainder when c is divided by 29.
28
Let z(s) = -s**3 + 6*s**2 - 15*s + 6. Let l(d) = 4*d**2 - 8*d + 2. Let m(t) = 5*l(t) - 3*z(t). What is the remainder when m(3) is divided by 55?
51
Let x be (0 - -1)/(5 + -4) - 64. Let k be (-15003)/x + (-1)/7. Let q = -170 + k. What is the remainder when q is divided by 35?
33
Let h = 7579 + -7573. Let c = 0 - -6. What is the remainder when c is divided by h?
0
Calculate the remainder when (-95)/((75 - 77)*(-1)/(-86)) is divided by 340.
5
Suppose 38 = 18*x - 1672. Calculate the remainder when 2550 is divided by x.
80
Let r(k) = -k**2 + 766*k - 16248. Calculate the remainder when r(22) is divided by 5*(68/10)/1.
18
Suppose 35 = 5*x - 70. Suppose 2*d = x + 1. What is the remainder when ((-258)/(-15))/((2/(-5))/(-1)) is divided by d?
10
Let w(s) = -s**3 - s**2 + 91*s + 7. What is the remainder when 333 is divided by w(5)?
21
Let t be 58*(-1)/(-14) - 34/238. Suppose -t*x + 109 = -155. What is the remainder when 129 is divided by x?
63
Suppose 2*x + 3*u - 1232 = 0, 2*x = 5*u + 732 + 516. What is the remainder when x is divided by 9?
7
Suppose -3872 = 6*c - 13166. What is the remainder when c is divided by 8?
5
Let i = 13599 - 13468. What is the remainder when 142 is divided by i?
11
Let a(r) = -r**2 - 42*r + 682. What is the remainder when 600 is divided by a(-44)?
6
What is the remainder when (-623 + -22)*(24/15)/(-4) is divided by 117?
24
Let l(g) = g**3 + 76*g**2 + 454*g - 1. What is the remainder when l(-66) is divided by 66?
65
Suppose -302*c + 185*c = -50895. What is the remainder when c is divided by 293?
142
Let j(i) = -7*i - 151. Let z be j(-22). Suppose 6*n + 203 = 4*x + 7*n, n = z. What is the remainder when x is divided by 20?
10
Let h = 542 + -540. Suppose h*g = 502 - 390. Calculate the remainder when 559 is divided by g.
55
Let k(v) = 2*v**3 + 17*v**2 - 8*v - 20. Let l be k(-10). Let f = l + 269. Calculate the remainder when 111 is divided by f.
24
Suppose 0 = -5*z + t + 199, -5*z + 5*t + 195 = -0*z. Calculate the remainder when (-664)/(-1494) + (-5280)/(-27) is divided by z.
36
Suppose -9*w + 186 = 5*w - 1424. Suppose -4*h + 27 = -5. Suppose h*t - 221 = w. Calculate the remainder when t is divided by 9.
6
Suppose -404*m = 374426 - 2205758. Calculate the remainder when m is divided by 54.
51
Suppose -2*s = -x - 0*x + 10, -5*s = x - 3. Suppose -2*d - 5*o + 15 = -35, 61 = 3*d + 4*o. Suppose r + x - d = 0. What is the remainder when 41 is divided by r?
6
Suppose -5*o + 54 = -2*o. Calculate the remainder when o is divided by 23 + -11 + -5 - 6/2.
2
Let n = -10 + 10. Calculate the remainder when (6/(-4))/(51/(-646)) is divided by 0 - (n - 1) - -7.
3
Calculate the remainder when ((-14)/((-84)/(-135)))/((-1)/6) is divided by -6 - ((-2)/(-3))/(1/(-78)).
43
Let o be (-6)/4*4/6 - 102. Let u = -90 - o. Suppose 19*w = u*w + 996. What is the remainder when w is divided by 24?
22
Let p(k) = -k**3 + 7*k**2 - 11*k + 12. Let a be p(4). Suppose 5*q - 5 = 0, 21*q = s + a*q - 110. Calculate the remainder when s is divided by 31.
22
Let b(h) = -78*h**3 - 9*h - 8. Let z be b(-1). Suppose z = 11*i - 196. What is the remainder when 472 is divided by i?
22
Let y(j) = j**3 + 5*j**2 - 14*j - 9. Let z = 258 - 109. What is the remainder when z is divided by y(-6)?
32
Let x(y) = -2*y + 46. Let s be x(24). What is the remainder when ((-3)/(-7))/(s/(-1106)) is divided by 80?
77
Let x = 489 - 715. Let c = x - -399. What is the remainder when c is divided by 45?
38
Let r(o) = o**2 + 6*o + 56. What is the remainder when r(19) is divided by 76?
75
Let b(s) = 5*s**2 + 4*s + 9. Let x = -83 + 86. Suppose 27 = 4*d - 41. Calculate the remainder when b(x) is divided by d.
15
Suppose 204*a - 201*a - 45 = -4*l, 2*l - 27 = -3*a. Suppose -4*z + 67 = -145. What is the remainder when z is divided by l?
8
What is the remainder when 178 is divided by (-11)/44*20 + (1 - -25)?
10
Let b(v) = v**3 + 94*v**2 - 72*v + 2252. What is the remainder when b(-95) is divided by (-1*3)/(9/(-114))?
29
Suppose -6*n = -687 - 261. What is the remainder when 167 is divided by n?
9
Let x(q) = q**3 + q**2 + 7*q + 71. What is the remainder when x(0) is divided by 4/(-50) - (-15834)/1050?
11
Let u(a) = -3*a**2 - 12*a. Let k be u(-5). Let z = k + 26. Suppose -6*g - 235 = -z*g. What is the remainder when g is divided by 16?
15
Let p(i) = -i + 1